 g = -28 + 93. Let a = g + 15. Calculate the remainder when a is divided by 21.
17
Suppose 6*z - 1827 = 3*z. Suppose c + 3*a = 2*c - 144, -4*c + a + z = 0. Calculate the remainder when c is divided by 39.
36
Let u be (-54)/(-10) + 6/30*-2. Suppose -5*t - 70 = -5*b + 50, -u*b - t + 96 = 0. Calculate the remainder when b is divided by 12.
8
Suppose 5*k + 2*d = 184, -d - d - 32 = -k. Let y be ((-10)/15)/(-2 + (-244)/(-120)). Let x = k + y. What is the remainder when x is divided by 9?
7
Let l = 5 + 3. Suppose -7*j = -4*j - 87. What is the remainder when j is divided by l?
5
Let h(b) = -2*b**2 - 3*b - 2. Let d be h(-2). What is the remainder when 24/d*6/(-4) is divided by (-3 - 0)*2/(-1)?
3
Let g(x) = 2*x**2 + 27*x - 10. Let q(m) = -m**2 - 13*m + 5. Let r(c) = -2*g(c) - 5*q(c). Calculate the remainder when 39 is divided by r(-13).
18
Let a = 45 - 26. Let b(w) = -w**2 - 14*w + 12. Let q be b(-15). Calculate the remainder when a is divided by -2 + (-4 + -23)/q.
5
Let a(p) = 5*p - 39. Let j(w) = 2*w + 53. Let i be j(-12). What is the remainder when a(i) is divided by 18?
16
Suppose 4*t - 322 - 6 = 0. Calculate the remainder when t is divided by 21.
19
Let j(b) = -3. Let k(r) = -r - 15. Let p(c) = 22*j(c) - 4*k(c). Calculate the remainder when 69 is divided by p(6).
15
Let w be -4*(3 - 2) - (-3 + -21). Suppose -s - 17 = -4*y, -3*y - 5*s - w = -4. What is the remainder when (1 - 1) + -1 + 4 is divided by y?
0
Let j be (-9)/27 + 10/(-6) + 82. Calculate the remainder when 48 is divided by j/140*(-70)/(-4).
8
Let l be 2 + -4 - 12/3. Let h(m) = 2*m**2 - 10*m - 4. Let j(f) = f**2 - f + 1. Let v(b) = -h(b) + 3*j(b). What is the remainder when 3 is divided by v(l)?
0
Let p = -131 - -209. Let a = -7 + 10. What is the remainder when p is divided by 19 + a/(-9)*-3?
18
Let p(g) = g**2 + 13*g - 8. Let s be p(-14). Suppose 0*j = s*j - 138. Let r = -32 + 45. What is the remainder when j is divided by r?
10
Let n = -2 + 21. Suppose -6*w + n = -5. Suppose 0 = 4*v + w, -7*v + 101 = 2*g - 2*v. What is the remainder when g is divided by 11?
9
Let z(d) = d**2 - d + 10. Let j = -139 + 254. Suppose -3*x - 3*o + 2*o + j = 0, -71 = -2*x + 5*o. What is the remainder when x is divided by z(0)?
8
Let g(c) = -3*c**2 - 13*c + 16. Calculate the remainder when 77 is divided by g(-5).
5
What is the remainder when 6/(2 + -8)*(1 + -136) is divided by 34?
33
What is the remainder when 637 is divided by -1 - -1 - (-69 - 2)?
69
Let x(b) = -b**2 - 6*b + 8. Let m be x(7). Let l = m + 165. Suppose -l = -5*d + 43. What is the remainder when 48 is divided by d?
23
Let h = -18 - -17. Let t(v) = 39*v**2 - v - 2. Calculate the remainder when t(h) is divided by 14.
10
Suppose 0 = -5*v + 4*r - 326 - 328, -4*v - 5*r = 515. Calculate the remainder when 4/5*(-5 - v) is divided by 34.
32
Suppose 4*r = 5*r - 4*q - 28, q = 4*r - 37. What is the remainder when 24 is divided by (-189)/(-18)*5/(30/r)?
10
Let k = -2 + 2. Suppose 4*s + 5 = 4*d + 37, k = 5*s + d - 58. Suppose -13*q + s*q = -14. What is the remainder when 47 is divided by q?
5
Calculate the remainder when 24 is divided by ((-16)/12)/(8 + 125/(-15)).
0
Suppose 15*x = 17*x - 272. Calculate the remainder when x is divided by 36.
28
Let h be (-4)/(-3 + -1 + (-692)/(-174)). Let x = 189 - h. Let b(v) = 26*v + 1. Calculate the remainder when b(1) is divided by x.
12
Suppose 0 = -5*f + 2*u + 224, 4*f - 170 = 3*u + 12. Suppose 452 = -4*y + 8*y. Let z = y - f. What is the remainder when z is divided by 18?
15
Let q(z) = z**2 - 13*z - 27. What is the remainder when 142 is divided by q(16)?
16
Let n(q) = 39*q**3 + 3*q**2 + q - 3. Let d = 34 + -33. Calculate the remainder when n(d) is divided by 21.
19
Let x = -271 + 284. Calculate the remainder when 285 is divided by x.
12
Let z be (166/2)/(-3 + 4). Suppose 5*x + 12 = -z. Let a = x - -23. What is the remainder when 9 is divided by a?
1
Suppose -5*r = -18 - 167. Let s(m) = m + 8. Let u be s(-4). Suppose -4*c + 70 = -2*o, -3*o - 2 = u*c - 97. What is the remainder when r is divided by c?
17
Let p(n) be the second derivative of -n**4/12 + 8*n**3/3 - 15*n**2/2 - 14*n. What is the remainder when p(14) is divided by 4?
1
Let u(m) = 2*m**3 - 34*m**2 + 33*m + 16. Let w(c) = 3*c**3 - 51*c**2 + 49*c + 24. Let j(s) = 7*u(s) - 5*w(s). What is the remainder when 94 is divided by j(16)?
22
Suppose -4563 = 9*b - 7146. What is the remainder when b is divided by 29?
26
Let i = -113 + 113. Suppose i = 5*b + 2*r - 68, 44 = 3*b - r - r. Let s(x) = -7*x - 3. Calculate the remainder when s(-6) is divided by b.
11
Suppose -2*k + 204 = 4*w, 0 = -2*w + 3*w + k - 51. Calculate the remainder when 356 is divided by w.
50
What is the remainder when 7106/24 - (-3)/(-36) is divided by 104?
88
Let k = -24 - -34. Let n(g) = g**3 + 8*g**2 + 5*g + 7. Let w = 80 + -83. Calculate the remainder when n(w) is divided by k.
7
Let r be ((-873)/60 + 2/(-8))*-5. Let q = 114 - r. What is the remainder when q is divided by 15?
10
Let z = -294 - -303. Calculate the remainder when 250 is divided by z.
7
Suppose 6*y - 5*y - 2 = 0. Suppose y*g - 8*g + 60 = 0. Suppose -28 = -2*k + g. What is the remainder when 35 is divided by k?
16
Let j(f) = -f**3 - 11*f**2 + 11*f + 3. Suppose 0 = h + 16 - 4. Let q = 47 + -5. Calculate the remainder when q is divided by j(h).
12
Let r = 6 - 6. Suppose r = o - 2 - 2. Suppose j - 2*c + 4 = 2*c, 5*c + 39 = o*j. What is the remainder when 30 is divided by j?
14
Let h = 10 - 11. What is the remainder when 52 is divided by -1 - h*(-3 + 22)?
16
Let o be 0/(0/(-3) - 1). Let x be 1*(o - 3) + 9. Let a = x + -3. What is the remainder when 8 is divided by a?
2
Let h(w) = -2*w + 9*w**2 + 5*w + 6 + 0*w**2 - 2*w**3 + 3*w**3. Let s be h(-5). Let d = -45 + s. Calculate the remainder when d is divided by 12.
10
Suppose -2*t + t = -17. Let h = -9 + 22. Suppose 3*i - 2*i - b = h, 3*i + 2*b - 19 = 0. Calculate the remainder when t is divided by i.
8
What is the remainder when (-525)/(-3) - ((-12)/(-6) + -5) is divided by 14?
10
Suppose 0 = -2*d + v + 4, 3*d + 0*v + 3 = -3*v. Suppose -5*g + 177 = 4*a, d = g - 3*a - 23. Let w = g - 3. Calculate the remainder when w is divided by 16.
14
Let q(y) = y**2 + 17*y + 1. Let g be q(-19). Let s = g + -22. Calculate the remainder when s is divided by 11.
6
Let n = -762 - -781. Calculate the remainder when 131 is divided by n.
17
Let x(z) = -z**3 - z**2 - 4*z - 3. Suppose 5*f + 4 = 14. Suppose f*j = -j + 42. Calculate the remainder when x(-3) is divided by j.
13
Suppose -9 = -5*m + 11. What is the remainder when (-258)/m*14/(-21) is divided by 25?
18
Let g(m) = -2*m - 1. Let v be g(-2). Suppose -v*r - s + 2 = 0, -s + 12 = -4*r - 6*s. Calculate the remainder when 36 is divided by (-1)/((-3)/(41 - r)).
10
Let s(x) = -2*x**2 - 115*x - 34. Suppose 0*i = -i - 2*h - 13, h = 4*i + 79. What is the remainder when s(-57) is divided by i/(-3) - (-2)/(-6)?
5
Let z = 113 + -93. Calculate the remainder when 77 is divided by z.
17
Let x = 956 - 938. Suppose o + 0 = 3*w - 9, -2*o = -4*w + 14. What is the remainder when 134*1/w - -2 is divided by x?
15
Let g(l) = 3*l**2 + l - 3. Let c be g(-4). Suppose 0 = 15*u - 19*u + 32. Let w = c - u. What is the remainder when w is divided by 9?
6
Let l = 239 + 31. Calculate the remainder when 34 is divided by 1 + ((-4)/10)/((-9)/l).
8
Let z(n) = 48*n + 341. What is the remainder when z(0) is divided by 43?
40
Suppose 70 + 244 = 2*m. Calculate the remainder when m is divided by 79.
78
Let y = 3 + -4. Suppose 0 = -7*s + 6*s, 0 = 2*u - 4*s - 12. What is the remainder when (2 + y/1)*15 is divided by u?
3
Let u(y) = y**3 - y**2 + 4*y - 1. Suppose f + 102 = 4*f. Let h = -18 + f. Calculate the remainder when u(4) is divided by h.
15
Let g be ((-1)/(-6)*-2)/(14/(-84)). Suppose -16 - g = -z. What is the remainder when 106 is divided by z?
16
Let x(f) = 29*f - 3. Let a be x(1). Let p = a - 15. Calculate the remainder when 54 is divided by p.
10
Suppose 2*z + z + 164 = 4*v, 2*z - 205 = -5*v. Let w = -6 - -11. Suppose -18 = -3*x - w*l, 4*l = 4*x - 0*x - 56. Calculate the remainder when v is divided by x.
8
Suppose 12*u - 13*u = -4*d + 86, -2*d + 50 = -4*u. Let a = -67 - -127. What is the remainder when a is divided by d?
18
Let f = 228 - 168. What is the remainder when f is divided by 21?